hest common factor of 81 and 351.
27
What is the highest common divisor of 780 and 564?
12
What is the highest common factor of 134 and 7906?
134
Calculate the highest common divisor of 1189 and 116.
29
What is the greatest common factor of 2 and 2?
2
Calculate the greatest common divisor of 2279 and 371.
53
What is the highest common factor of 4710 and 30?
30
What is the highest common divisor of 2394 and 9?
9
Calculate the highest common divisor of 200 and 1640.
40
What is the highest common divisor of 1170 and 26?
26
What is the highest common divisor of 522 and 18?
18
What is the greatest common divisor of 14 and 16338?
14
What is the highest common factor of 17 and 1037?
17
What is the greatest common factor of 4509 and 135?
27
Calculate the highest common factor of 1701 and 42.
21
Calculate the highest common divisor of 43 and 215.
43
Calculate the highest common factor of 402 and 12.
6
Calculate the greatest common factor of 8 and 1076.
4
Calculate the highest common factor of 4 and 268.
4
What is the highest common divisor of 16803 and 81?
9
Calculate the greatest common factor of 18 and 1332.
18
What is the highest common factor of 28 and 11326?
14
What is the highest common factor of 49 and 105?
7
What is the greatest common factor of 140 and 820?
20
What is the greatest common factor of 180 and 396?
36
Calculate the greatest common factor of 46 and 26.
2
What is the highest common divisor of 16 and 162?
2
Calculate the greatest common divisor of 9 and 7.
1
Calculate the greatest common divisor of 171 and 456.
57
Calculate the highest common divisor of 171 and 19.
19
Calculate the greatest common divisor of 2717 and 715.
143
Calculate the greatest common factor of 201 and 66.
3
Calculate the highest common divisor of 1007 and 76.
19
Calculate the greatest common divisor of 360 and 186.
6
Calculate the greatest common divisor of 14 and 280.
14
Calculate the greatest common divisor of 30 and 440.
10
Calculate the greatest common divisor of 1248 and 65.
13
Calculate the highest common factor of 234 and 18.
18
What is the highest common divisor of 33 and 143?
11
Calculate the highest common factor of 132 and 1668.
12
What is the greatest common divisor of 51 and 493?
17
What is the greatest common divisor of 1272 and 120?
24
What is the greatest common divisor of 2736 and 180?
36
What is the greatest common divisor of 95 and 3040?
95
What is the greatest common factor of 5124 and 7?
7
What is the highest common divisor of 145 and 370?
5
What is the highest common factor of 1430 and 4620?
110
What is the highest common divisor of 4 and 2?
2
Calculate the highest common divisor of 816 and 768.
48
What is the greatest common divisor of 72 and 522?
18
Calculate the highest common divisor of 63 and 36.
9
What is the highest common divisor of 63 and 36666?
63
Calculate the highest common divisor of 624 and 234.
78
What is the greatest common factor of 273 and 3?
3
Calculate the greatest common divisor of 26 and 754.
26
Calculate the greatest common factor of 39 and 26.
13
What is the highest common divisor of 39 and 377?
13
Calculate the highest common divisor of 2408 and 1736.
56
What is the greatest common divisor of 28 and 42?
14
What is the greatest common divisor of 214 and 11021?
107
What is the highest common factor of 4 and 96?
4
Calculate the greatest common divisor of 3240 and 330.
30
What is the greatest common divisor of 8825 and 50?
25
What is the highest common divisor of 42 and 567?
21
Calculate the greatest common factor of 119 and 289.
17
Calculate the greatest common divisor of 184 and 782.
46
What is the greatest common divisor of 2511 and 62?
31
Calculate the highest common divisor of 22806 and 168.
42
Calculate the greatest common divisor of 110 and 77.
11
What is the greatest common factor of 11280 and 141?
141
What is the greatest common divisor of 250 and 44?
2
Calculate the greatest common divisor of 27282 and 6.
6
What is the greatest common divisor of 93 and 186?
93
What is the greatest common factor of 17264 and 40?
8
Calculate the greatest common divisor of 1537 and 29.
29
Calculate the greatest common divisor of 77 and 3157.
77
What is the highest common divisor of 684 and 81?
9
What is the greatest common divisor of 22 and 231?
11
Calculate the highest common divisor of 36 and 18.
18
Calculate the greatest common factor of 668 and 167.
167
Calculate the highest common divisor of 5540 and 10.
10
What is the highest common factor of 12032 and 188?
188
What is the highest common factor of 150 and 8750?
50
Calculate the greatest common factor of 9 and 39.
3
Calculate the greatest common divisor of 49 and 637.
49
What is the highest common factor of 60 and 192?
12
What is the greatest common factor of 6286 and 14?
14
What is the greatest common factor of 33522 and 111?
111
What is the greatest common divisor of 43 and 5848?
43
Calculate the highest common factor of 1081 and 23.
23
Calculate the greatest common factor of 3151 and 23.
23
Calculate the highest common factor of 3317 and 1177.
107
Calculate the highest common factor of 17731 and 238.
119
Calculate the highest common factor of 91 and 533.
13
Calculate the greatest common factor of 7 and 581.
7
Calculate the greatest common factor of 28 and 1988.
28
Calculate the highest common divisor of 190 and 323.
19
What is the greatest common divisor of 10494 and 198?
198
Calculate the highest common divisor of 392 and 64.
8
What is the highest common divisor of 29 and 551?
29
What is the greatest common factor of 1136 and 208?
16
Calculate the greatest common divisor of 10700 and 12.
4
What is the greatest common factor of 6477 and 204?
51
What is the greatest common factor of 96 and 24?
24
Calculate the highest common factor of 25 and 175.
25
What is the greatest common divisor of 64 and 4288?
64
Calculate the highest common divisor of 1000 and 104.
8
Calculate the greatest common divisor of 56879 and 23.
23
What is the greatest common divisor of 54 and 468?
18
Calculate the greatest common divisor of 8 and 4744.
8
Calculate the highest common factor of 7 and 189.
7
Calculate the highest common divisor of 6 and 2.
2
Calculate the highest common factor of 39 and 861.
3
Calculate the highest common factor of 1218 and 693.
21
What is the highest common factor of 40 and 100?
20
What is the greatest common divisor of 1316 and 28?
28
Calculate the greatest common factor of 84924 and 63.
63
Calculate the greatest common factor of 54 and 79893.
27
What is the greatest common divisor of 968 and 792?
88
Calculate the highest common divisor of 304 and 12.
4
Calculate the highest common divisor of 29 and 261.
29
What is the highest common divisor of 692 and 6055?
173
Calculate the greatest common factor of 72 and 40.
8
Calculate the greatest common divisor of 1537 and 159.
53
Calculate the highest common divisor of 564 and 12.
12
Calculate the greatest common factor of 13 and 65.
13
What is the highest common divisor of 35 and 1085?
35
Calculate the greatest common divisor of 548 and 4.
4
Calculate the highest common factor of 1378 and 52.
26
What is the highest common divisor of 480 and 45?
15
What is the highest common factor of 2 and 18?
2
Calculate the greatest common divisor of 15 and 1195.
5
What is the highest common factor of 170 and 70?
10
What is the highest common factor of 384 and 3888?
48
Calculate the greatest common divisor of 2077 and 67.
67
Calculate the greatest common divisor of 25620 and 60.
60
What is the greatest common factor of 2152 and 1883?
269
Calculate the highest common factor of 1649 and 97.
97
Calculate the highest common divisor of 52 and 12.
4
What is the greatest common divisor of 4 and 9508?
4
Calculate the highest common divisor of 17 and 1853.
17
What is the greatest common divisor of 527 and 17?
17
What is the greatest common factor of 112 and 352?
16
What is the highest common divisor of 529 and 115?
23
What is the greatest common factor of 19 and 52991?
19
Calculate the greatest common factor of 324 and 48.
12
Calculate the greatest common divisor of 230 and 10.
10
What is the greatest common factor of 88 and 187?
11
Calculate the highest common factor of 46 and 6.
2
Calculate the highest common divisor of 260 and 1090.
10
Calculate t